 - 2335. What is the units digit of c?
5
Let s = 175 + 49. Let h = s + -135. What is the tens digit of h?
8
Suppose 41*k + 12 = 38*k. What is the units digit of (k/(-6))/(5 - (-5006)/(-1002))?
7
Suppose -3*d - 6647 = -4*v - 6*d, -2*v = -d - 3311. Suppose -5*c - 382 = w - v, -c = 4*w - 259. What is the hundreds digit of c?
2
Suppose 0 = -5*j - 2*s + 1095, -876 = 5*j - 9*j + 3*s. What is the hundreds digit of j?
2
Let u = -136 - -251. Suppose -3*z + 5*m = 2*z - u, 5*z = -4*m + 142. What is the units digit of 1/(1/z) + -1?
5
Suppose 148 = 9*d + 895. Let k = -63 - d. What is the units digit of k?
0
Let y(h) = 115*h**2 + 34*h**2 - 2 + 3 + h. What is the hundreds digit of y(-1)?
1
Let s = 31 + -80. Let v be (0 - (-1)/((-9)/(-294)))*-3. Let u = s - v. What is the units digit of u?
9
Let w(q) = -2*q + 4. Let v = -23 - -26. Let g be w(v). Let a(b) = b**3 + 4*b**2 + 2*b + 2. What is the units digit of a(g)?
6
Let b be (-2)/(-6) - (-140)/30. Let o(k) = k**2 - k + 4. Let y be o(b). Suppose -3*z = -2*f - y, -5*z = -f - f - 40. What is the units digit of z?
8
Let v = -758 + 1633. What is the units digit of v?
5
Let c(o) = -4*o + 3. Let m be c(-8). Let g = 128 - m. What is the units digit of g?
3
Let p(j) = -j**3 - 11*j**2 - 9*j - 7. Let b be p(-10). Let f = 2 + b. What is the tens digit of 5/f - 440/(-6)?
7
Suppose 3*b - 2714 = -2*z, -3*b + 5*z + 2710 = 3*z. What is the units digit of b?
4
Suppose -2 = -d + 1. Suppose 812 = 10*f - d*f. What is the hundreds digit of f?
1
Let k be (4/(-3))/((-8)/(-372)). Let p = -37 - k. What is the units digit of ((-30)/p)/(2/(-10))?
6
Let p = 84 + 172. What is the hundreds digit of p?
2
Let i(d) = d**2 - 27*d - 130. What is the hundreds digit of i(-9)?
1
Let t(c) = -c**3 - 48*c**2 + 18*c - 102. What is the units digit of t(-49)?
7
Let a(h) = h - 3. Let b be a(7). Suppose -3*f + 12 = 3*i, b*f + 2 = 3*i + 18. Suppose -w + n = f - 3, -3*n + 31 = 4*w. What is the units digit of w?
4
Suppose 31*h - 50122 = 12*h. What is the tens digit of h?
3
Let a(v) be the first derivative of 41*v**5/20 + v**4/12 + v**3/6 - v**2 - 9*v + 5. Let y(z) be the first derivative of a(z). What is the units digit of y(1)?
1
Let m be (-6 + 4)*9/(-6). What is the tens digit of (2/m)/(4/252)?
4
Let h be 2 + ((-8)/(-12))/(2/18). What is the tens digit of h/10*((-1533)/(-14) + -2)?
8
Suppose -14 + 34 = 5*z. Suppose -p + z*p = 90. What is the tens digit of p?
3
Let c(u) be the third derivative of u**4/24 + 2*u**3 - 4*u**2. What is the tens digit of c(16)?
2
Let n be -9 - 4/8*-2. What is the hundreds digit of n/(-24) + (-3)/(9/(-464))?
1
Let d = 21 + -37. Let b = d - -105. What is the tens digit of b?
8
Suppose a + 5 - 1 = 0, 3*y - a - 16 = 0. Let i be (-2)/(y/40*-4). Suppose 2*s - 52 + 16 = -5*m, -i*s + 5*m + 90 = 0. What is the units digit of s?
8
Let a = -13 - -15. Suppose 7 = 4*d - z, a*d + 17 = 4*d - 5*z. Suppose -n = d, 0 = k + 3*n - 0 - 9. What is the units digit of k?
2
Let a(z) = 5*z**3 + 3*z**2 - 3*z - 1. Let h be a(2). Let u be h/25 + (-4)/(-20). Suppose -24 = -u*v - 22. What is the units digit of v?
1
Let s(u) = -u**2 + 4*u + 1. Let q be s(6). Let t(k) = -7*k**2 - 15*k + 4. Let j(o) = -o**2. Let d(b) = -6*j(b) + t(b). What is the units digit of d(q)?
8
Suppose 5*c + 92 = 3*c. Let y = 98 + c. What is the tens digit of y?
5
Suppose 0 = -4*n - 28 + 40. Suppose 0 = -n*j + 5*r + 400, -4*r = -2*j + 113 + 153. What is the units digit of j?
5
Let l be (-3)/5 - 6780/75. Let j be (-39)/l - (-346)/(-7). Let k = 107 + j. What is the tens digit of k?
5
Suppose -4*z - 3743 = -5*w, -706 = -w + z + 43. What is the hundreds digit of w?
7
Let r = -15 + 537. What is the tens digit of r?
2
Let u be 10 - (4 - -8)/4. Let g(a) = 5*a - 7. Let q be g(u). What is the units digit of (-7 + 3)/((-2)/q)?
6
Let k = -843 - -942. Suppose 3*h - 8*h - 90 = 0. What is the tens digit of h/k + (-167)/(-11)?
1
Let m(d) be the first derivative of -9*d**2/2 - 4*d + 31. Suppose 4*j + 19 = -3*r - 0*r, 3*j - 5*r + 36 = 0. What is the tens digit of m(j)?
5
What is the hundreds digit of 455 - -1 - (11 + -4)?
4
Suppose -22*j + 24*j = -4. Let z(c) = 18*c**2 - c - 2. What is the tens digit of z(j)?
7
Let i be 1/1*(-4 - 35/(-5)). Suppose -128 = -i*h + 103. What is the units digit of h?
7
Suppose 0 = 2*a - 2*q, 0*q + 12 = 3*a + q. Suppose -a*s - 57 = -741. What is the tens digit of s?
2
Let b = 149 - 58. Suppose 5*y + 104 = -b. Let l = 95 + y. What is the tens digit of l?
5
Let j(x) = 7 + 5*x + x - 14*x. What is the tens digit of j(-3)?
3
Suppose 13*c = 3*c + 1510. What is the units digit of c?
1
Suppose 2 + 1 = -h, -32 = 5*w - h. Let u(r) = -r**3 + 4*r**2 - 8*r + 10. Let y(c) = c**3 + c**2 + c. Let i(m) = u(m) + 2*y(m). What is the units digit of i(w)?
3
Suppose 0 = 5*j, -y + 3*y = 4*j. Suppose y = -z - 0*z + 40. Let c = -30 + z. What is the units digit of c?
0
Let u(w) = -w**2 + 6*w - 6. Let o(x) = -8*x - 6. Let p be o(3). Let g be (-2)/(-3) + p/(-9). What is the units digit of u(g)?
2
Let u = 1445 + -825. What is the tens digit of u?
2
Let s be 1/(-4) + -3 + 543/12. Let z = 19 + s. What is the units digit of z?
1
Let x be (-1 + 3)/(4/14*1). Suppose -19 = -w + 3*o, 0*o - x = -w - o. What is the tens digit of w?
1
Let w = -25 - -9. Let i be (153/(-12))/(3/w). Suppose 2*u - i = -2*u. What is the units digit of u?
7
Suppose -6*j = -11 - 13. Suppose 0 = -j*x + b + 1252, 3*x + 2*b + 320 = 1270. What is the hundreds digit of x?
3
Let l(s) = s**3 + s**2 + 3*s + 30. Let u be l(0). Let g = u - -68. What is the units digit of g?
8
Suppose -7*c = -9*c - 16. Let f = 10 + c. Suppose 0*s + 54 = 3*s + 3*m, 19 = s + f*m. What is the units digit of s?
7
Let s = 27 - 19. Suppose -13 = -s*n + 307. What is the units digit of (-95)/2*(-48)/n?
7
Let h(m) = m**2 + 2*m - 3. Let v be h(-3). Suppose 12*k - 10*k + 84 = v. What is the tens digit of (-1)/6 + (-1015)/k?
2
Let w be 22 - -65 - (-1 + 1). Suppose 3*t + w = 4*t. What is the tens digit of t?
8
Suppose 0 = -5*s - 0*s - 10, 5*p + 4*s = -8. Suppose 4*b + p*b = 0. Let z = 35 + b. What is the tens digit of z?
3
Let u(w) = -80*w - 276. What is the hundreds digit of u(-25)?
7
Let c = 4 - -1. Suppose -1 = -j + n + 5, -4*n - 28 = -c*j. Suppose d = -j*d + 120. What is the units digit of d?
4
Suppose 2*p = 2*x + 4, -2*x + 30 = 5*p + 3*x. Suppose 168 = 3*a + p*s, 2*a + 2*s - 50 = 64. What is the tens digit of a?
6
Let l(j) = 43*j**2 - 17*j - 37. What is the units digit of l(-3)?
1
Suppose -6*i - i = 0. Suppose i = -5*u - 2*y + 366, -y - 152 = -2*u + y. What is the tens digit of u?
7
Let r = 1373 - 937. Suppose -3*k - 2*d + r = 71, -2*k - 4*d + 230 = 0. What is the hundreds digit of k?
1
Let u(z) = 825*z**2 + 10*z - 9. What is the thousands digit of u(2)?
3
Let p(o) = 32*o**2 + 10*o + 45. What is the hundreds digit of p(-6)?
1
Suppose c = -2*k + 5*c + 6, 5*c - 5 = 0. Let z be 1/(-2 - (-18)/10). What is the tens digit of 39 - z/(k/(-4))?
3
Let d(i) = i**2 - i. Let c(j) = -10*j**2 + 9*j + 2. Let y(x) = -c(x) - 4*d(x). What is the tens digit of y(-3)?
6
Let a be (-5 - 1)*80/(-60). Suppose a*q - 142 = 234. What is the units digit of q?
7
What is the tens digit of 1 - -467 - (-84 - -91)?
6
Suppose -4*n - 11467 = -j - 28397, -5*n = 4*j - 21173. What is the hundreds digit of n?
2
Let g(x) = -496*x. Let p be g(-1). Suppose 5*q = 474 + p. What is the tens digit of q?
9
Let t(q) = -q - 1. Let d be t(0). Let h = d - -3. Suppose 0 = 4*l - 20, l = -h*c + 6*l + 7. What is the units digit of c?
6
Suppose 3*m = 5*f + 33, -7*m - 3*f = -2*m - 21. Suppose -4*j + 2*l + m = -l, 3*j - 7 = l. Let p = -1 + j. What is the units digit of p?
2
Let q(c) = c + 13. Let x be q(-8). Suppose 4*a = 3*s - 142, 0 = -3*s + x*s - 2*a - 92. Suppose -w + s + 1 = 0. What is the tens digit of w?
4
Let w = 3300 - 2362. What is the tens digit of w?
3
Let z be -2*1/2*(3 + -3). Suppose 6*m - 4*m - 34 = z. What is the tens digit of m?
1
Let i = -413 + 1375. What is the tens digit of i?
6
Let z = -1471 - -2079. What is the hundreds digit of z?
6
Let x(f) = -f**2 - 10*f - 2. Let u be x(-8). Suppose s - u = -2. Suppose -10 - s = -y. What is the units digit of y?
2
Let f be (-95)/(-10)*14 - -2. Suppose -17*d + f = -12*d. What is the tens digit of d?
2
Let f = -971 + 2449. What is the tens digit of f?
7
Let i = -489 - -119